 = 2 + y. Calculate the remainder when 73 is divided by k.
16
Suppose -3*t - 20 = -2*q + 13, -3*q - 3*t = -57. What is the remainder when 50 is divided by q?
14
Suppose 0 = -10*r + 11*r - 87. Calculate the remainder when r is divided by 30.
27
Let f be -120*1/(-2)*1. Suppose 0 = -y - 3*y + f. Calculate the remainder when 59 is divided by y.
14
Let r(z) be the third derivative of 8*z**5/15 - z**4/24 - z**3/6 + 5*z**2. Calculate the remainder when r(-1) is divided by 11.
10
Let y be 3/5 - (-7)/5. Suppose -y*n = n - 234. Calculate the remainder when n is divided by 20.
18
Suppose 33 + 187 = 4*y. What is the remainder when y is divided by 19?
17
Suppose 3*r - 65 = -2*r. Calculate the remainder when 36 is divided by r.
10
Let k = 55 - 32. What is the remainder when 66 is divided by k?
20
Suppose -m - 3*n + 56 = -2*n, -3*n = 0. What is the remainder when 277 is divided by m?
53
Let p(u) = u + 9. Let c be p(-7). Let q be c/(-3) + 2/3. Suppose -m - b = 2*m - 69, 3*m - b - 69 = q. What is the remainder when m is divided by 12?
11
Let m = 6 - 6. Suppose m*g - g = -12. Suppose l - 69 = -2*l. What is the remainder when l is divided by g?
11
Let f = 124 - 74. Calculate the remainder when f is divided by 13.
11
Let q = 34 + -6. Calculate the remainder when q is divided by 15.
13
Suppose 0 = -3*s + 3, 0*h = 4*h - 2*s - 42. Let i = h + -5. Calculate the remainder when ((-24)/9 + -1)*-3 is divided by i.
5
Suppose -21 = -4*x - 3*u, -2*u = -0*u + 10. What is the remainder when x is divided by 3?
0
Let r(n) be the third derivative of -n**6/120 - n**5/12 - n**4/12 - 5*n**3/6 + n**2. Let b = -4 + -1. Calculate the remainder when r(b) is divided by 3.
2
Let u = -1 + 5. Suppose 2*j - 5*j = -12. Suppose 2*c - 22 = -u*p, -4*c + j*p + 3 = -5. Calculate the remainder when c is divided by 2.
1
Suppose -9*x + 0*x = -144. What is the remainder when x is divided by 10?
6
Let j(m) = m**2 - 8*m - 4. Suppose 0 = 3*k + k - 48. What is the remainder when k is divided by j(9)?
2
Suppose -12 = -2*i - 2*i, 2*i = -2*o + 132. Calculate the remainder when o is divided by 22.
19
Suppose -3*o = 3*j - 27, -4*j - 17 = -3*o - 9*j. Suppose -2*c - 50 = 3*t + 3*c, 0 = -2*t + c - 16. Let q = 18 + t. What is the remainder when o is divided by q?
6
Let v(n) = -n + 23. What is the remainder when 17 is divided by v(13)?
7
Suppose 7*h = 2*h + 5. Suppose -3*y + 17 = 5*f + y, 0 = -3*f - 3*y + 12. What is the remainder when h is divided by f?
0
Calculate the remainder when 175/2*(-4)/(-5) is divided by 37.
33
Suppose -250 = 7*c - 2*c. Let y = c + 9. Let l = y - -58. What is the remainder when l is divided by 9?
8
Suppose 0 = -3*z - 2*z + 135. Let w = z - 16. Calculate the remainder when w is divided by 7.
4
Suppose 2*r + 25 = m, 125 = 5*m + 3*r - 26. What is the remainder when m is divided by 16?
13
Let q be 153/12 - 1/(-4). Let l = 101 + q. What is the remainder when l/4 + 1/2 is divided by 10?
9
Suppose 0 = 2*x - x - 7. What is the remainder when 10 is divided by x?
3
Suppose -4*q + 72 = 3*w, 0 = 5*q + w + w - 83. What is the remainder when 29 is divided by q?
14
Suppose 5 = -2*j + 9. Suppose -3 = 2*t - 5*a, 12 = 2*t - 4*a + j*a. What is the remainder when 21 is divided by t?
10
Let a(g) = -4*g + 38. Calculate the remainder when 17 is divided by a(7).
7
Suppose -2*k + 6 = 18. Let o = -3 - k. Calculate the remainder when 6/3*(6/4 + 0) is divided by o.
0
Let j(y) = -y**3 + y**2 + 4*y + 3. Suppose 2*d + 6 - 22 = 0. Suppose 2*o - d = 6*o. What is the remainder when 19 is divided by j(o)?
5
What is the remainder when 57 is divided by (0 - -4)/1 - -16?
17
Suppose 0 = -7*r - 40 + 124. What is the remainder when 33 is divided by r?
9
Let o(n) = 27*n**2 - n. Let s be o(2). Suppose -h - h + s = 0. What is the remainder when h is divided by 14?
11
Suppose 0 = d - 3*d - 32. Let t = -5 + d. Let w = t - -34. Calculate the remainder when w is divided by 7.
6
Let y = 2 - 0. Let k(w) = 0*w + w + y + 0*w. What is the remainder when k(0) is divided by 2?
0
Calculate the remainder when 67 is divided by -5 + 7 - (-1 - 15).
13
Let p(b) = 2*b - 10. Calculate the remainder when 109 is divided by p(12).
11
Let m(n) = -n**2 + 18*n + 9. Calculate the remainder when -2*14*(-15)/12 is divided by m(18).
8
Let r(a) = -a**3 - 29*a**2 - 29*a - 22. Calculate the remainder when 63 is divided by r(-28).
3
Let q = -15 + 16. Calculate the remainder when 6 is divided by q.
0
Suppose x - u = 1, 3*x + 3 = -0*x + u. Let q = x - -42. Let g(y) = -y**2 + 21*y - 24. Calculate the remainder when q is divided by g(19).
12
Suppose -b + 7 = -15. What is the remainder when b is divided by 6?
4
Suppose 3*w - 6 - 21 = 0. Calculate the remainder when 25 is divided by w.
7
Let i(h) = 6*h**2 - 3*h + 1. Suppose -2*l + 1 + 3 = 0. Calculate the remainder when i(l) is divided by 7.
5
Let i(z) = z**3 - 12*z**2 - 12*z + 7. Let t be 26/(-16)*-2*4. What is the remainder when 59 is divided by i(t)?
19
Let y = -10 - -37. What is the remainder when y is divided by 15?
12
What is the remainder when -5*(-4 - -12)/(-4) is divided by 6?
4
Let a(k) = -k**3 - 6*k**2 - 6*k - 4. Let x be a(-5). Let o(y) = y + 6. Calculate the remainder when (x - 0/(-3)) + 31 is divided by o(5).
10
Suppose -2*a + 316 = -6*a. Let n = -23 - a. Calculate the remainder when n is divided by (22 - 1) + (-1 - 1).
18
Let i = 60 + -35. Calculate the remainder when i is divided by 9.
7
Suppose 10 = 5*i - 0*c - c, -i = -2*c - 11. Calculate the remainder when 31 is divided by -4*i/((-12)/33).
9
Let t(l) be the third derivative of 7/24*l**4 - 2*l**2 + 0 - 1/3*l**3 + 0*l. Calculate the remainder when 37 is divided by t(3).
18
Suppose 0*o - 4*o + 28 = 0. Suppose -37*b - 72 = -43*b. Calculate the remainder when b is divided by o.
5
Let g(r) = r - 1. Let p be 4/(-3)*(-9)/6. Let c be g(p). Let j(z) = 19*z**2 - z + 1. Calculate the remainder when j(c) is divided by 7.
5
Suppose 24 = 2*q + 4*k, q - 3*k + 0 + 3 = 0. Calculate the remainder when 39 is divided by q.
3
Let s(b) = 8*b - 1. Let j(z) = -z**2 + 5*z + 32. What is the remainder when j(7) is divided by s(1)?
4
What is the remainder when 48 is divided by 1*(-2 + 0)*(-20)/8?
3
Let p(t) = -3*t**2 - 2*t + 2. Let j be p(-2). Let z(u) = -3*u - 10. Calculate the remainder when 15 is divided by z(j).
7
Suppose -5*x - 2*q - 24 + 168 = 0, 0 = -5*x - 5*q + 150. Let t(y) = -4*y + 7. Let d be t(5). Let k = d - -28. Calculate the remainder when x is divided by k.
13
Suppose -5*s + 2*w = 30, 4*s - 2*w = 2*s - 18. Let f = s - -6. Suppose 12 = 5*p - m, p + 3*m + 6 = 6*p. Calculate the remainder when p is divided by f.
1
Suppose 5*v + 11 = 71. What is the remainder when 70 is divided by v?
10
Let v = 3 - 1. What is the remainder when v is divided by 1 + 0 + (-1)/(-1)?
0
Let m = 82 + -30. Suppose 0 = -3*z + z + m. Calculate the remainder when z is divided by 9.
8
Let k(h) be the second derivative of -13*h**5/20 - h**2/2 + 8*h. Let r(a) = -a - 4. Let p be r(-3). Calculate the remainder when 47 is divided by k(p).
11
Suppose 0 = -2*d - d + l + 203, d + 3*l = 71. Suppose 5*k - c - 111 = 0, -3*k - 2*c - 13 = -90. What is the remainder when d is divided by k?
22
Suppose 3*c - 9 = -0*c. Suppose -2*d = -3*m + 12, m - 2*d - 4 = -c*d. Suppose 2 = h - 0*z - m*z, 4 = z. What is the remainder when 70 is divided by h?
16
Let q = 58 + -33. Calculate the remainder when 97 is divided by q.
22
Let f = 40 - 8. Suppose 8 = 2*k - 8. What is the remainder when k is divided by (-2)/8 + 168/f?
3
Suppose 0 = -10*j + 12*j - 30. What is the remainder when 28 is divided by j?
13
Let s = -25 - -36. What is the remainder when 11 + 35/(-5) - -35 is divided by s?
6
Suppose -5*w = -0*t + 3*t - 3, 0 = -w - 2*t - 5. Calculate the remainder when 14 is divided by w.
2
What is the remainder when (-165)/(-2)*(-24)/(-36) is divided by 14?
13
Let h = -53 - -179. Calculate the remainder when h is divided by 32.
30
What is the remainder when 77 is divided by (-14)/77 - (-112)/11?
7
Suppose 0 = 3*d - 6 - 3. Let t = d + 9. Suppose 2*j - 47 = 23. Calculate the remainder when j is divided by t.
11
Let c = -8 + 11. Let a = -3 + c. Suppose -o + 0*o + 13 = a. What is the remainder when 37 is divided by o?
11
Suppose 3*g = -15, 3*k - 4*g - 78 = 17. Suppose -45 = 2*d - 7*d. Suppose -2*s = -s - d. Calculate the remainde